{"id":4809,"date":"2019-12-07T07:50:26","date_gmt":"2019-12-07T06:50:26","guid":{"rendered":"https:\/\/bibleetsciencediffusion.org\/index.php\/confidentialite-des-donnees\/"},"modified":"2019-12-09T17:25:12","modified_gmt":"2019-12-09T16:25:12","slug":"confidentialite-des-donnees","status":"publish","type":"page","link":"https:\/\/bibleetsciencediffusion.org\/index.php\/confidentialite-des-donnees\/","title":{"rendered":"Protection des donn\u00e9es personnelles"},"content":{"rendered":"\n<h2 class=\"wp-block-heading\">Politique de traitement des donn\u00e9es personnelles applicable aux contacts, clients, prospects, utilisateurs de services en ligne<\/h2>\n\n\n\n<p>La politique \u00e9nonc\u00e9e ci-apr\u00e8s s\u2019applique aux traitements de donn\u00e9es personnelles effectu\u00e9s par\u00a0Bible &amp; Science Diffusion, association loi 1901 n\u00b0 W811006259\u00a0d\u00e9clar\u00e9e le 2 juillet 2018 \u00e0 la sous-pr\u00e9fecture du Tarn (ci-apr\u00e8s d\u00e9sign\u00e9e le responsable du traitement) dont le site Internet est <a href=\"http:\/\/bibleetsciencediffusion.org\">http:\/\/bibleetsciencediffusion.org<\/a>. <\/p>\n\n\n\n<h3 class=\"wp-block-heading\"><strong>1 \u2013 Dispositions g\u00e9n\u00e9rales<\/strong><\/h3>\n\n\n\n<p>Les dispositions qui suivent concernent tous les traitements de donn\u00e9es personnelles effectu\u00e9s par le responsable du traitement, sauf mention contraire dans les dispositions sp\u00e9cifiques.<\/p>\n\n\n\n<h4 class=\"wp-block-heading\"><strong>&gt; Cadre juridique \u2013 conformit\u00e9 au RGPD et \u00e0 la loi fran\u00e7aise<\/strong><\/h4>\n\n\n\n<p>Le responsable du traitement d\u00e9clare qu\u2019il effectue des traitements de donn\u00e9es personnelles conform\u00e9ment au&nbsp;r\u00e8glement (UE) 2016\/679 du Parlement europ\u00e9en et du Conseil du 27 avril 2016, relatif \u00e0 la protection des personnes physiques \u00e0 l\u2019\u00e9gard du traitement des donn\u00e9es \u00e0 caract\u00e8re personnel et \u00e0 la libre circulation de ces donn\u00e9es (ci-apr\u00e8s d\u00e9sign\u00e9 le RGPD) et \u00e0 loi fran\u00e7aise n\u00b0 78-17 du 6 janvier 1978 relative \u00e0 l\u2019informatique, aux fichiers et aux libert\u00e9s (modifi\u00e9e).<\/p>\n\n\n\n<h4 class=\"wp-block-heading\"><strong>&gt; Responsable du traitement et autres intervenants<\/strong><\/h4>\n\n\n\n<p>Le repr\u00e9sentant du responsable du traitement est Bible &amp; Science Diffusion. Il peut \u00eatre contact\u00e9 directement <a href=\"mailto:responsable.rgpd@plateformescientifique.fr?subject=RGBD\">par courriel<\/a> et son site Internet est <a href=\"http:\/\/bibleetsciencediffusion.org\/\">http:\/\/bibleetsciencediffusion.org<\/a>.<\/p>\n\n\n\n<h4 class=\"wp-block-heading\"><strong>&gt; Destinataires des donn\u00e9es \u00e0 caract\u00e8re personnel<\/strong><\/h4>\n\n\n\n<h4 class=\"wp-block-heading\"><strong>&gt; Transfert de donn\u00e9es<\/strong><\/h4>\n\n\n\n<p>Le responsable du traitement n\u2019a pas l\u2019intention d\u2019effectuer un transfert de donn\u00e9es \u00e0 caract\u00e8re personnel vers un pays tiers ou \u00e0 une organisation internationale.<\/p>\n\n\n\n<h4 class=\"wp-block-heading\"><strong>&gt; Dur\u00e9e de conservation des donn\u00e9es&nbsp;\u00e0 caract\u00e8re personnel<\/strong><\/h4>\n\n\n\n<p>Si vous laissez un commentaire, le commentaire et ses m\u00e9tadonn\u00e9es sont conserv\u00e9s ind\u00e9finiment. Nous pouvons ainsi reconna\u00eetre et approuver automatiquement les commentaires de suivi au lieu de les conserver dans une file de mod\u00e9ration. Pour les utilisateurs qui s\u2019inscrivent sur notre site Web (le cas \u00e9ch\u00e9ant), nous stockons \u00e9galement les informations personnelles qu\u2019ils fournissent dans leur profil d\u2019utilisateur. Tous les utilisateurs peuvent voir, modifier ou supprimer leurs informations personnelles \u00e0 tout moment (sauf qu\u2019ils ne peuvent pas changer leur nom d\u2019utilisateur). Les administrateurs du site Web peuvent \u00e9galement voir et modifier ces informations.<\/p>\n\n\n\n<h4 class=\"wp-block-heading\"><strong>&gt; Droits de la personne dont les donn\u00e9es sont collect\u00e9es<\/strong><\/h4>\n\n\n\n<p><\/p>\n\n\n\n<p>Si vous avez un compte sur ce site ou si vous avez laiss\u00e9 des commentaires, vous pouvez demander \u00e0 recevoir un fichier export\u00e9 des donn\u00e9es personnelles que nous d\u00e9tenons \u00e0 votre sujet, y compris les donn\u00e9es que vous nous avez fournies. Vous pouvez \u00e9galement demander que nous effacions toutes les donn\u00e9es personnelles que nous d\u00e9tenons \u00e0 votre sujet. Cela n\u2019inclut pas les donn\u00e9es que nous sommes oblig\u00e9s de conserver \u00e0 des fins administratives, juridiques ou de s\u00e9curit\u00e9. Plus pr\u00e9cis\u00e9ment, l&rsquo;utilisateur dont les donn\u00e9es personnelles sont collect\u00e9es a le\u00a0droit :<\/p>\n\n\n\n<p>\u2013 de demander au responsable du traitement l\u2019acc\u00e8s aux donn\u00e9es \u00e0 caract\u00e8re personnel, la rectifi\u00adcation ou l\u2019effacement de celles-ci, ou une limitation du traitement relatif \u00e0 la personne concern\u00e9e,<\/p>\n\n\n\n<p>\u2013 de s\u2019opposer au traitement,<\/p>\n\n\n\n<p>\u2013 \u00e0 la portabilit\u00e9 de ses donn\u00e9es,<\/p>\n\n\n\n<p>\u2013&nbsp;d\u2019introduire une r\u00e9clamation aupr\u00e8s d\u2019une autorit\u00e9 de contr\u00f4le,<\/p>\n\n\n\n<p>\u2013 de retirer son consentement \u00e0 tout moment, sans porter atteinte \u00e0 la lic\u00e9it\u00e9 du traitement fond\u00e9 sur le consentement effectu\u00e9 avant le retrait de celui-ci, ce droit existant exclusivement lorsque le traitement est fond\u00e9 sur l\u2019article 6, paragraphe 1, point a), ou sur l\u2019article 9, paragraphe 2, point a) du RGPD, c\u2019est-\u00e0-dire sur le consentement de&nbsp;la personne concern\u00e9e au traitement de ses donn\u00e9es \u00e0 caract\u00e8re personnel pour une ou plusieurs finalit\u00e9s sp\u00e9cifiques.<\/p>\n\n\n\n<h4 class=\"wp-block-heading\"><strong>&gt; Prise de d\u00e9cision automatis\u00e9e \u2013 profilage<\/strong><\/h4>\n\n\n\n<p>Sauf mention contraire dans les dispositions sp\u00e9cifiques, aucun profilage ne sera r\u00e9alis\u00e9 et plus g\u00e9n\u00e9ralement aucune d\u00e9cision automatis\u00e9e ne sera prise sur la base des donn\u00e9es collect\u00e9es.<\/p>\n\n\n\n<h3 class=\"wp-block-heading\"><strong>2 \u2013 Dispositions sp\u00e9cifiques<\/strong><\/h3>\n\n\n\n<p>Les dispositions qui suivent sont sp\u00e9cifiques \u00e0 chaque type de traitement de donn\u00e9es personnelles.<\/p>\n\n\n\n<h4 class=\"wp-block-heading\"><strong>&gt; Gestion de la relation avec nos contacts et prospects<\/strong><\/h4>\n\n\n\n<p>Donn\u00e9es personnelles trait\u00e9es \u2013 Nous traitons les donn\u00e9es personnelles suivantes : <\/p>\n\n\n\n<p>\u2013 Lorsque les visiteurs laissent des commentaires sur le site, nous recueillons les donn\u00e9es affich\u00e9es dans le formulaire de commentaires (pr\u00e9nom, nom, adresse \u00e9lectronique, site Internet), ainsi que la cha\u00eene de l\u2019adresse IP du visiteur et de l\u2019agent utilisateur du navigateur pour faciliter la d\u00e9tection du courrier ind\u00e9sirable.<br> Une cha\u00eene anonyme cr\u00e9\u00e9e \u00e0 partir de votre adresse e-mail (\u00e9galement appel\u00e9e hachage) peut \u00eatre fournie au service Gravatar pour v\u00e9rifier si vous l\u2019utilisez. La politique de confidentialit\u00e9 du service Gravatar est disponible ici : <a href=\"https:\/\/automattic.com\/privacy\">https:\/\/automattic.com\/privacy<\/a>\/. Apr\u00e8s approbation de votre commentaire, votre photo de profil est visible par le public dans le contexte de votre commentaire.<\/p>\n\n\n\n<p>\u2013  M\u00e9dias : si vous t\u00e9l\u00e9chargez des images sur le site Web, vous devez \u00e9viter de t\u00e9l\u00e9charger des images contenant des donn\u00e9es de localisation int\u00e9gr\u00e9es (GPS EXIF). Les visiteurs du site Web peuvent t\u00e9l\u00e9charger et extraire toutes les donn\u00e9es de localisation des images sur le site Web.<br>\u2013  Cookies : Si vous laissez un commentaire sur notre site, vous pouvez choisir d\u2019enregistrer votre nom, votre adresse e-mail et votre site Web dans des cookies. Ce sont pour votre commodit\u00e9 afin que vous n\u2019ayez pas \u00e0 remplir \u00e0 nouveau vos informations lorsque vous laissez un autre commentaire. Ces cookies dureront un an.<br> Si vous avez un compte et que vous vous connectez \u00e0 ce site, nous allons d\u00e9finir un cookie temporaire pour d\u00e9terminer si votre navigateur accepte les cookies. Ce cookie ne contient aucune donn\u00e9e personnelle et est supprim\u00e9 lorsque vous fermez votre navigateur.<br>Lorsque vous vous connectez, nous allons \u00e9galement configurer plusieurs cookies pour enregistrer vos informations de connexion et vos choix d\u2019affichage \u00e0 l\u2019\u00e9cran. Les cookies de connexion durent deux jours et les options des cookies d\u2019\u00e9cran durent un an. Si vous s\u00e9lectionnez \u00abSe souvenir de moi\u00bb, votre connexion persistera pendant deux semaines. Si vous vous d\u00e9connectez de votre compte, les cookies de connexion seront supprim\u00e9s.<br> Si vous modifiez ou publiez un article, un cookie suppl\u00e9mentaire sera enregistr\u00e9 dans votre navigateur. Ce cookie ne contient aucune donn\u00e9e personnelle et indique simplement l\u2019identifiant de l\u2019article que vous venez de modifier. Il expire apr\u00e8s 1 jour.<\/p>\n\n\n\n<p>\u2013  Contenu incorpor\u00e9 provenant d\u2019autres sites Web : les articles sur ce site peuvent inclure du contenu incorpor\u00e9 (par exemple des vid\u00e9os, des images, des articles, etc.). Le contenu incorpor\u00e9 provenant d\u2019autres sites Web se comporte exactement comme si le visiteur avait visit\u00e9 l\u2019autre site Web.<br>Ces sites Web peuvent collecter des donn\u00e9es vous concernant, utiliser des cookies, int\u00e9grer un suivi tiers et surveiller votre interaction avec ce contenu incorpor\u00e9, y compris le suivi de votre interaction avec le contenu incorpor\u00e9 si vous avez un compte et \u00eates connect\u00e9 \u00e0 ce site Web.<\/p>\n\n\n\n<p>Finalit\u00e9s \u2013 Le traitement de donn\u00e9es personnelles est destin\u00e9 \u00e0 la gestion de la relation avec nos contacts et prospects. En particulier, ce traitement permet de  communiquer \u00e0 la personne concern\u00e9e des informations sur les actualit\u00e9s de notre organisation, nos articles et produits et nos services.<\/p>\n\n\n\n<p>Base juridique \u2013 Ce traitement de donn\u00e9es personnelles est fond\u00e9 sur le consentement de la personne concern\u00e9e (article 6, paragraphe 1, point a) du RGPD). La demande de donn\u00e9es a un caract\u00e8re contractuel. La personne concern\u00e9e n\u2019est pas tenue de fournir ces donn\u00e9es. Si la personne concern\u00e9e ne fournit pas les donn\u00e9es ou retire son consentement au traitement de donn\u00e9es, elle ne pourra pas\u00a0recevoir d\u2019information\u00a0sur les actualit\u00e9s de notre organisation, nos produits, articles et services.<\/p>\n\n\n\n<h4 class=\"wp-block-heading\"><strong>> Proc\u00e9dure d\u2019acceptation de nos clients <\/strong><\/h4>\n\n\n\n<p>Donn\u00e9es personnelles trait\u00e9es \u2013\u00a0Nous traitons les donn\u00e9es suivantes : civilit\u00e9, pr\u00e9nom, nom, coordonn\u00e9es t\u00e9l\u00e9phoniques, adresse \u00e9lectronique, adresse postale, organisation (soci\u00e9t\u00e9, entreprise ou autre), date et lieu de naissance, produit ou service demand\u00e9, conditions de transaction, identit\u00e9 du b\u00e9n\u00e9ficiaire effectif, \u00e9ventuels\u00a0risques particuliers (au sens de l\u2019article L. 561-10 2\u00b0 du code mon\u00e9taire et financier).<\/p>\n\n\n\n<p>Finalit\u00e9s \u2013 Ce traitement de donn\u00e9es est destin\u00e9 \u00e0 satisfaire \u00e0 nos obligations de vigilance \u00e0 l\u2019\u00e9gard de la client\u00e8le, conform\u00e9ment au droit fran\u00e7ais, notamment aux articles L. 561-4-1 et R. 561-5 du code mon\u00e9taire et financier.<\/p>\n\n\n\n<p>Base juridique \u2013 Ce traitement est&nbsp;n\u00e9cessaire&nbsp;au respect des obligations l\u00e9gales auxquelles le responsable du traitement est soumis.&nbsp;Il est fond\u00e9 sur l\u2019article 6, paragraphe 1, point c) du RGPD.&nbsp;La demande de donn\u00e9es conditionne l\u2019\u00e9tablissement d\u2019une relation d\u2019affaires, conform\u00e9ment aux dispositions l\u00e9gislatives et r\u00e9glementaires applicables. La personne concern\u00e9e est tenue de fournir ces donn\u00e9es si elle souhaite l\u2019\u00e9tablissement de cette relation. Si la personne concern\u00e9e ne fournit pas les donn\u00e9es, nous ne pourrons pas poursuivre de relations d\u2019affaires avec elle.<\/p>\n\n\n\n<h4 class=\"wp-block-heading\"><strong>&gt; Gestion de la relation avec nos clients<\/strong><\/h4>\n\n\n\n<p>Donn\u00e9es personnelles trait\u00e9es \u2013\u00a0Nous traitons les donn\u00e9es personnelles suivantes : civilit\u00e9, pr\u00e9nom, nom, coordonn\u00e9es t\u00e9l\u00e9phoniques, adresse \u00e9lectronique, adresse postale, date de naissance, produit achet\u00e9, prix d\u2019achat, remise \u00e9ventuelle, \u00e9ventuelle offre promotionnelle, date et lieu d\u2019achat, lieu de livraison, modalit\u00e9s de paiement, informations relatives au paiement.<\/p>\n\n\n\n<p>Finalit\u00e9s \u2013\u00a0Le traitement de donn\u00e9es personnelles est destin\u00e9 \u00e0 la gestion de la relation avec nos clients. En particulier, ce traitement permet d&rsquo;ex\u00e9cuter les mesures pr\u00e9contracutelles prises \u00e0 la demande de la personne concern\u00e9e, ex\u00e9cuter le contrat auquel la personne concern\u00e9e est partie,\u00a0respecter nos obligations l\u00e9gales, fiscales et comptables].<\/p>\n\n\n\n<p>Base juridique \u2013 Ce traitement est n\u00e9cessaire \u00e0 l\u2019ex\u00e9cution d\u2019un contrat auquel la personne concern\u00e9e est partie ou \u00e0 l\u2019ex\u00e9cution de mesures pr\u00e9contractuelles prises \u00e0 la demande de celle-ci. Il est fond\u00e9 sur l\u2019article 6, paragraphe 1, point b) du RGPD.\u00a0La demande de donn\u00e9es a un caract\u00e8re contractuel. La personne concern\u00e9e est tenue de fournir ces donn\u00e9es si elle souhaite b\u00e9n\u00e9ficier de nos produits ou de nos services. Si la personne concern\u00e9e ne fournit pas les donn\u00e9es, elle ne pourra pas devenir cliente, acqu\u00e9rir nos produits ou b\u00e9n\u00e9ficier de nos services.<\/p>\n\n\n\n<h4 class=\"wp-block-heading\"><strong>&gt; Ex\u00e9cution des commandes pass\u00e9es sur notre site Internet<\/strong><\/h4>\n\n\n\n<p>Donn\u00e9es personnelles trait\u00e9es \u2013\u00a0Nous traitons les donn\u00e9es personnelles suivantes : civilit\u00e9, pr\u00e9nom, nom, coordonn\u00e9es t\u00e9l\u00e9phoniques, adresse \u00e9lectronique, adresse postale, lieu de livraison, modalit\u00e9s de paiement, informations relatives au paiement.<\/p>\n\n\n\n<p>Finalit\u00e9s \u2013 Le traitement est destin\u00e9 \u00e0 l\u2019ex\u00e9cution des commandes pass\u00e9es sur notre site Internet et \u00e0 la gestion de la relation avec nos clients.<\/p>\n\n\n\n<p>Base juridique \u2013&nbsp;Ce traitement est&nbsp;n\u00e9cessaire \u00e0 l\u2019ex\u00e9cution de mesures pr\u00e9contractuelles prises \u00e0 votre demande et \u00e0 l\u2019ex\u00e9cution du contrat conclu entre nous. Il est fond\u00e9 sur l\u2019article 6, paragraphe 1, point b) du RGPD.&nbsp;La demande de donn\u00e9es conditionne la conclusion du contrat. Elle&nbsp;a un caract\u00e8re contractuel. La personne concern\u00e9e est&nbsp;tenue de fournir les donn\u00e9es. \u00c0 d\u00e9faut, elle ne pourra pas passer de commande sur notre site.<\/p>\n\n\n\n<h4 class=\"wp-block-heading\"><strong>&gt; Analyse et am\u00e9lioration de nos produits et services<\/strong><\/h4>\n\n\n\n<p>Donn\u00e9es personnelles trait\u00e9es \u2013\u00a0Nous traitons les donn\u00e9es suivantes : produit achet\u00e9, prix, localisation du visiteur ou de l&rsquo;acheteur.<\/p>\n\n\n\n<p>Finalit\u00e9s \u2013 Ce traitement est utilis\u00e9\u00a0\u00e0 des fins d\u2019analyse et d\u2019\u00e9tude statistique de l\u2019utilisation de notre site.<\/p>\n\n\n\n<p>Base juridique \u2013 Le traitement est n\u00e9cessaire aux fins des int\u00e9r\u00eats l\u00e9gitimes que nous poursuivons, consistant \u00e0 am\u00e9liorer et optimiser les produits et services.\u00a0Il est fond\u00e9 sur l\u2019article 6, paragraphe 1, point f) du RGPD. La demande de donn\u00e9es a un caract\u00e8re contractuel. La personne concern\u00e9e n\u2019est pas tenue de fournir ces donn\u00e9es et elle peut s\u2019opposer \u00e0 tout moment \u00e0 leur traitement. Si la personne concern\u00e9e ne fournit pas les donn\u00e9es, elle ne pourra pas acheter des produits sur notre site.<\/p>\n\n\n\n<h4 class=\"wp-block-heading\"><strong>> Utilisation de Google Analytics <\/strong><\/h4>\n\n\n\n<p>Donn\u00e9es personnelles trait\u00e9es \u2013\u00a0Google traite les donn\u00e9es mentionn\u00e9es dans sa politique de confidentialit\u00e9 (<a href=\"https:\/\/support.google.com\/analytics\/answer\/6004245?hl=fr\">https:\/\/support.google.com\/analytics\/answer\/6004245?hl=fr<\/a> \/\u00a0<a href=\"https:\/\/policies.google.com\/privacy?hl=fr#infocollect\">https:\/\/policies.google.com\/privacy?hl=fr#infocollect<\/a>). Ces donn\u00e9es comprennent notamment l\u2019adresse IP des appareils utilis\u00e9s pour consulter le site.<\/p>\n\n\n\n<p>Finalit\u00e9s \u2013 Ce traitement est utilis\u00e9&nbsp;\u00e0 des fins d\u2019analyse et d\u2019\u00e9tude statistique de l\u2019utilisation de notre site.<\/p>\n\n\n\n<p>Base juridique \u2013 Le traitement est n\u00e9cessaire aux fins des int\u00e9r\u00eats l\u00e9gitimes que nous poursuivons, consistant \u00e0 am\u00e9liorer et optimiser notre site Internet au b\u00e9n\u00e9fice des utilisateurs.\u00a0Il est fond\u00e9 sur l\u2019article 6, paragraphe 1, point f) du RGPD. La demande de donn\u00e9es a un caract\u00e8re contractuel. La personne concern\u00e9e n\u2019est pas tenue de fournir ces donn\u00e9es et elle peut s\u2019opposer \u00e0 tout moment \u00e0 leur traitement. Pour\u00a0emp\u00eacher la collecte de donn\u00e9es relatives \u00e0 son utilisation du site et le traitement de ces donn\u00e9es par Google, la personne concern\u00e9e doit suivre les indications de Google :\u00a0<a href=\"http:\/\/tools.google.com\/dlpage\/gaoptout\">http:\/\/tools.google.com\/dlpage\/gaoptout<\/a>.<\/p>\n\n\n\n<h4 class=\"wp-block-heading\"><strong>&gt; S\u00e9curit\u00e9 et pr\u00e9vention des activit\u00e9s illicites<\/strong><\/h4>\n\n\n\n<p>Les commentaires des visiteurs peuvent \u00eatre v\u00e9rifi\u00e9s via un service automatis\u00e9 de d\u00e9tection de spam.<\/p>\n\n\n\n<p>Finalit\u00e9s \u2013\u00a0Le traitement est destin\u00e9 \u00e0 \u00e9liminer les courriels ind\u00e9sirables et les risques de s\u00e9curit\u00e9 associ\u00e9s.<\/p>\n\n\n\n<p>Base juridique \u2013\u00a0Ce traitement est\u00a0n\u00e9cessaire\u00a0au respect des obligations l\u00e9gales auxquelles le responsable du traitement est soumis (article 6, paragraphe 1, point c) du RGPD) et il\u00a0est n\u00e9cessaire aux fins des int\u00e9r\u00eats l\u00e9gitimes que nous poursuivons, consistant \u00e0 assurer la s\u00e9curit\u00e9 de nos produits et de nos services et \u00e0 pr\u00e9venir les activit\u00e9s illicites (article 6, paragraphe 1, point f) du RGPD). La demande de donn\u00e9es est conforme aux dispositions l\u00e9gislatives et r\u00e9glementaires applicables. La personne concern\u00e9e est tenue de fournir ces donn\u00e9es si elle souhaite publier un commentaire en ligne pu prendre contact avec nous. Si la personne concern\u00e9e ne fournit pas les donn\u00e9es, elle ne pourra ni publier de commentaires ni prendre contact avec nous.<\/p>\n","protected":false},"excerpt":{"rendered":"<p>Politique de traitement des donn\u00e9es personnelles applicable aux contacts, clients, prospects, utilisateurs de services en ligne La politique \u00e9nonc\u00e9e ci-apr\u00e8s&hellip;<\/p>\n","protected":false},"author":7,"featured_media":0,"parent":0,"menu_order":0,"comment_status":"closed","ping_status":"closed","template":"","meta":{"jetpack_post_was_ever_published":false,"footnotes":""},"class_list":["post-4809","page","type-page","status-publish","hentry"],"jetpack_sharing_enabled":true,"jetpack_shortlink":"https:\/\/wp.me\/Pbu0ZL-1fz","_links":{"self":[{"href":"https:\/\/bibleetsciencediffusion.org\/index.php\/wp-json\/wp\/v2\/pages\/4809","targetHints":{"allow":["GET"]}}],"collection":[{"href":"https:\/\/bibleetsciencediffusion.org\/index.php\/wp-json\/wp\/v2\/pages"}],"about":[{"href":"https:\/\/bibleetsciencediffusion.org\/index.php\/wp-json\/wp\/v2\/types\/page"}],"author":[{"embeddable":true,"href":"https:\/\/bibleetsciencediffusion.org\/index.php\/wp-json\/wp\/v2\/users\/7"}],"replies":[{"embeddable":true,"href":"https:\/\/bibleetsciencediffusion.org\/index.php\/wp-json\/wp\/v2\/comments?post=4809"}],"version-history":[{"count":8,"href":"https:\/\/bibleetsciencediffusion.org\/index.php\/wp-json\/wp\/v2\/pages\/4809\/revisions"}],"predecessor-version":[{"id":4966,"href":"https:\/\/bibleetsciencediffusion.org\/index.php\/wp-json\/wp\/v2\/pages\/4809\/revisions\/4966"}],"wp:attachment":[{"href":"https:\/\/bibleetsciencediffusion.org\/index.php\/wp-json\/wp\/v2\/media?parent=4809"}],"curies":[{"name":"wp","href":"https:\/\/api.w.org\/{rel}","templated":true}]}}