{"id":5053,"date":"2019-12-10T17:00:49","date_gmt":"2019-12-10T16:00:49","guid":{"rendered":"https:\/\/bibleetsciencediffusion.org\/?post_type=product&#038;p=5053"},"modified":"2021-05-24T22:35:54","modified_gmt":"2021-05-24T20:35:54","slug":"lhistoire-alliancielle-de-leglise-dans-le-monde-tome-2-par-jean-marc-berthoud","status":"publish","type":"product","link":"https:\/\/bibleetsciencediffusion.org\/index.php\/produit\/lhistoire-alliancielle-de-leglise-dans-le-monde-tome-2-par-jean-marc-berthoud\/","title":{"rendered":"L\u2019Histoire alliancielle de l\u2019Eglise dans le monde \u2013 Tome 2 : L\u2019aboutissement thomiste, l\u2019automne du Moyen \u00c2ge, le renouveau de la R\u00e9forme \u2013 par Jean-Marc Berthoud"},"content":{"rendered":"<h3><strong><em>L\u2019Histoire alliancielle de l\u2019Eglise dans le monde \u2013 Tome 2 :<\/em> <em>L\u2019aboutissement thomiste, l\u2019automne du Moyen \u00c2ge, le renouveau de la R\u00e9forme<\/em> \u2013 par Jean-Marc Berthoud<\/strong><\/h3>\n<p>Ce n\u2019est pas une autre histoire de l\u2019\u00c9glise que pr\u00e9sente l\u2019auteur, avec un r\u00e9cit d\u2019\u00e9v\u00e9nements, de faits exaltants ou d\u00e9plorables, d\u2019acteurs dignes ou des loups qui ravagent les brebis. Son projet est beaucoup plus ambitieux. Avec une vision du monde qui attribue \u00e0 Dieu, le Seigneur, la gloire qui lui revient, il examine les agissements des \u00eatres humains qui discernent leur juste raison d\u2019\u00eatre sur cette terre, ou qui, au contraire, agissent comme petits dieux et ma\u00eetres, et qui sont finalement destin\u00e9s \u00e0 dispara\u00eetre, la vie de l\u2019homme sur terre \u00e9tant comme l\u2019herbe qui s\u00e8che, alors que la gloire de Dieu est \u00e9ternelle, comme le rappelle le Psalmiste (Psaume 90).<br \/>\nL\u2019histoire n\u2019est donc pas neutre, et les faits ne sont pas bruts, comme une p\u00e2te \u00e0 modeler entre les mains de l\u2019historien. Ils doivent \u00eatre interpr\u00e9t\u00e9s dans le cadre du plan de Dieu qui est en train de s\u2019accomplir. L\u2019histoire de la r\u00e9demption du monde \u2013 ordonn\u00e9e par Dieu \u2013 est destin\u00e9e \u00e0 la transformation finale, qui fera para\u00eetre la nouvelle cr\u00e9ation de Dieu, comme l\u2019Apocalypse biblique nous la pr\u00e9sente.<br \/>\nCette vision bouleverse les id\u00e9es re\u00e7ues du modernisme, avec la d\u00e9ification du progr\u00e8s, et les espoirs de nouveaut\u00e9 par la r\u00e9volution. Ces espoirs, toujours d\u00e9\u00e7us, ne sont pas l\u2019esp\u00e9rance biblique, les sauveteurs du monde ne sont pas le Sauveur, leur gnose n\u2019est pas la sagesse, et leurs r\u00e9demptions ne sont que la d\u00e9construction de l\u2019ordre cr\u00e9\u00e9 par Dieu et r\u00e9glement\u00e9 par sa Loi. Leur fin est le n\u00e9ant.<br \/>\nLa r\u00e9alit\u00e9 est qu\u2019aujourd\u2019hui \u2014 car l\u2019homme moderne, comme l\u2019a rappel\u00e9 l\u2019\u00e9minent th\u00e9ologien r\u00e9form\u00e9, Pierre Marcel (1910-1992) il y a un demi-si\u00e8cle, n\u2019est pas un scientifique mais un technique, \u2014 nous vivons une p\u00e9riode de r\u00e9gression et de d\u00e9sarroi, o\u00f9 les rep\u00e8res de la cr\u00e9ation et de la r\u00e9demption sont ensevelis sous les sables de l\u2019opinion, et o\u00f9 les nouveaux habits des empereurs sont des loques. Nous sommes t\u00e9moins des derniers paroxysmes du mouvement contre la transcendance, mis en marche par le nominalisme et l\u2019humanisme d\u2019\u00c9rasme, comme Jean-Marc Berthoud le pr\u00e9sente ici. [\u2026]<br \/>\nLa bibliographie et les index impressionnants compl\u00e8tent heureusement sa pr\u00e9sentation et sont preuves d\u2019un esprit cultiv\u00e9 et avide de discerner\u2026 la v\u00e9rit\u00e9. Cette v\u00e9rit\u00e9 est que si l\u2019\u00c9glise, peuple de Dieu, est dans le monde, elle perd ses qualit\u00e9s d\u2019\u00c9glise quand elle est du monde.<\/p>\n<p style=\"text-align: right;\">Paul Wells<\/p>\n<p style=\"text-align: right;\">Professeur \u00e9m\u00e9rite de la Facult\u00e9 Jean Calvin,<\/p>\n<p style=\"text-align: right;\">Aix-en-Provence, France.<\/p>\n<hr \/>\n<h3>A propos de l&rsquo;auteur<\/h3>\n<div id=\"attachment_5052\" style=\"width: 247px\" class=\"wp-caption alignleft\"><img loading=\"lazy\" decoding=\"async\" aria-describedby=\"caption-attachment-5052\" class=\"wp-image-5052 size-medium\" src=\"https:\/\/bibleetsciencediffusion.org\/wp-content\/uploads\/2019\/12\/JeanMarcBerthoud-237x300.jpg\" alt=\"\" width=\"237\" height=\"300\" srcset=\"https:\/\/bibleetsciencediffusion.org\/wp-content\/uploads\/2019\/12\/JeanMarcBerthoud-237x300.jpg 237w, https:\/\/bibleetsciencediffusion.org\/wp-content\/uploads\/2019\/12\/JeanMarcBerthoud.jpg 300w\" sizes=\"auto, (max-width: 237px) 100vw, 237px\" \/><p id=\"caption-attachment-5052\" class=\"wp-caption-text\">Jean-Marc Berthoud<\/p><\/div>\n<p>Au printemps 1966, Berthoud se convertit au christianisme \u00e0 la suite de la lecture du <i>Trait\u00e9 sur les scandales <\/i>de John Calvin, apr\u00e8s s&rsquo;\u00eatre vivement int\u00e9ress\u00e9 au style fran\u00e7ais de Calvin. Il abandonne alors une carri\u00e8re acad\u00e9mique prometteuse. Pour subvenir aux besoins d&rsquo;une famille nombreuse, il a travaill\u00e9 comme jardinier, puis comme porteur de chemin de fer, et enfin comme employ\u00e9 de poste manuel \u00e0 temps partiel jusqu&rsquo;\u00e0 sa retraite professionnelle en 2004.<\/p>\n<p>Berthoud a publi\u00e9 plus de treize livres en fran\u00e7ais et en a \u00e9crit un en anglais, une biographie du r\u00e9formateur fran\u00e7ais Pierre Viret. Actuellement, il travaille sur une explication d\u00e9taill\u00e9e du livre de l&rsquo;Apocalypse sous forme de sermons. Parmi ses \u0153uvres in\u00e9dites figurent une \u00e9tude en plusieurs volumes des Dix Commandements dans leur exposition \u00e0 travers les Ecritures et un Commentaire sur Ez\u00e9chiel 1 \u00e0 24. Il met la derni\u00e8re main \u00e0 une s\u00e9rie de conf\u00e9rences en quatre volumes sur l&rsquo;histoire de l&rsquo;Alliance de l&rsquo;\u00c9glise dans le monde, en tra\u00e7ant le th\u00e8me de l&rsquo;alliance de Dieu, en se concentrant particuli\u00e8rement sur le peuple de Dieu et sa relation avec la vie des nations. Il a \u00e9t\u00e9 pendant de nombreuses ann\u00e9es r\u00e9dacteur en chef des revues <i>R\u00e9sister et Construire<\/i> et de <i>Documentation Chr\u00e9tienne<\/i>. Il a pr\u00e9sid\u00e9 l&rsquo;Association Vaudoise de Parents Chr\u00e9tiens et l&rsquo;Association Cr\u00e9ation, Bible et Science, a \u00e9t\u00e9 directeur d&rsquo;une collection de livres, Messages, pour les \u00c9ditions L&rsquo;Age d&rsquo;Homme, et a tenu une librairie chr\u00e9tienne, La Proue, pendant plus de vingt ans.<\/p>\n<p>Jean-Marc Berthoud vit \u00e0 Lausanne, en Suisse, avec son \u00e9pouse Rose-Marie. Ils ont cinq enfants et huit petits-enfants.<\/p>\n","protected":false},"excerpt":{"rendered":"<p><span class=\"expandable-text\">Jean-Marc Berthoud, n\u00e9 en 1939 en Afrique du Sud, vit \u00e0 Lausanne (Suisse). Auteur de nombreux articles et de plusieurs livres il est historien et d\u00e9fenseur de la foi chr\u00e9tienne. Il a \u00e9tudi\u00e9 l\u2019histoire \u00e0 Johannesburg, \u00e0 la Sorbonne et \u00e0 l\u2019Universit\u00e9 de Londres et fut libraire et directeur de collection \u00e0 L\u2019\u00c2ge d\u2019Homme. Ce livre, Le temps des P\u00e8res et l\u2019\u00e2ge de la Foi, est le premier de cinq volumes d\u2019une Histoire de l\u2019\u00c9glise vue \u00e0 travers les dures crises qu\u2019elle dut subir au cours des \u00e2ges. La croissance victorieuse de l\u2019\u00c9glise de Dieu est d\u00e9crite \u00e0 travers ces luttes. Il est \u00e9crit dans une langue simple et claire, a un caract\u00e8re rigoureusement historique, mais aussi th\u00e9ologique et philosophique. Il s\u2019agit d\u2019un seul combat, toujours actuel : la d\u00e9fense du<span class=\"more-text\"> christianisme contre ses adversaires. Chaque chapitre traite d\u2019un moment particulier de cette immense bataille et peut donc \u00eatre lu comme un r\u00e9cit ind\u00e9pendant qui s\u2019ins\u00e8re cependant harmonieusement dans la trame d\u2019une unique histoire<\/span><\/span><\/p>\n<p>Berthoud, Jean-Marc (2018) <em>L&rsquo;Histoire alliancielle de l&rsquo;Eglise dans le monde<\/em>. <em>Tome 2 : L\u2019aboutissement thomiste, l\u2019automne du Moyen \u00c2ge, le renouveau de la R\u00e9forme.<\/em> Pierre Beno\u00eet, \u00e9diteur. Premi\u00e8re \u00e9dition. 734 pages. ISBN : 9780244426927.<\/p>\n<p><span class=\"price-label\">Prix :<\/span><span style=\"display: inline !important; float: none; background-color: #ffffff; color: #333333; cursor: text; font-family: -apple-system,BlinkMacSystemFont,'Segoe UI',Roboto,Oxygen-Sans,Ubuntu,Cantarell,'Helvetica Neue',sans-serif; font-size: 16px; font-style: normal; font-variant: normal; font-weight: 400; letter-spacing: normal; orphans: 2; text-align: left; text-decoration: none; text-indent: 0px; text-transform: none; -webkit-text-stroke-width: 0px; white-space: normal; word-spacing: 0px;\">\u00a0<\/span><span class=\"list-price\"> 39,40 \u20ac TTC (37,35 \u20ac HT) + frais de port variables selon l&rsquo;adresse de livraison.<\/span><\/p>\n","protected":false},"featured_media":5055,"comment_status":"open","ping_status":"closed","template":"","meta":{"jetpack_post_was_ever_published":false},"product_cat":[72],"product_tag":[],"class_list":["post-5053","product","type-product","status-publish","has-post-thumbnail","hentry","product_cat-theologie"],"jetpack_sharing_enabled":true,"_links":{"self":[{"href":"https:\/\/bibleetsciencediffusion.org\/index.php\/wp-json\/wp\/v2\/product\/5053","targetHints":{"allow":["GET"]}}],"collection":[{"href":"https:\/\/bibleetsciencediffusion.org\/index.php\/wp-json\/wp\/v2\/product"}],"about":[{"href":"https:\/\/bibleetsciencediffusion.org\/index.php\/wp-json\/wp\/v2\/types\/product"}],"replies":[{"embeddable":true,"href":"https:\/\/bibleetsciencediffusion.org\/index.php\/wp-json\/wp\/v2\/comments?post=5053"}],"wp:featuredmedia":[{"embeddable":true,"href":"https:\/\/bibleetsciencediffusion.org\/index.php\/wp-json\/wp\/v2\/media\/5055"}],"wp:attachment":[{"href":"https:\/\/bibleetsciencediffusion.org\/index.php\/wp-json\/wp\/v2\/media?parent=5053"}],"wp:term":[{"taxonomy":"product_cat","embeddable":true,"href":"https:\/\/bibleetsciencediffusion.org\/index.php\/wp-json\/wp\/v2\/product_cat?post=5053"},{"taxonomy":"product_tag","embeddable":true,"href":"https:\/\/bibleetsciencediffusion.org\/index.php\/wp-json\/wp\/v2\/product_tag?post=5053"}],"curies":[{"name":"wp","href":"https:\/\/api.w.org\/{rel}","templated":true}]}}